5 - 2) + 6?
0
What is -9 + (2 - -2) + 0 + -2?
-7
Evaluate (-2 - 1) + (-1 - -4) - 4.
-4
Evaluate 89 - 88 - (7 + -2).
-4
What is -8 + (-9 - 1) + 21?
3
Calculate 9 - 6 - 4 - 4.
-5
-2 + (-1 - 1) + 6 + 0
2
Calculate (-2 - (-2 + -3 + 2)) + -2.
-1
What is the value of -4 + 0 + 6 + -1?
1
What is the value of (2 - (-19 + 15)) + (-11 - 1)?
-6
Evaluate -2 - (-2 - 1) - (4 - 4).
1
Calculate 14 + -8 - (-6 - -8).
4
Evaluate 0 + 2 - ((14 - 9) + -8).
5
Calculate -12 - (3 + (-1 - 8)).
-6
Evaluate 17 + -7 + -2 + -3.
5
What is 1 + 4 + (-1 + -17 - -10)?
-3
What is 16 - 6 - 10 - -10?
10
1 - 0 - -2 - 0
3
Calculate 4 + 0 + (0 + 4 - 4).
4
(-4 - (1 + -5)) + 3
3
What is the value of 0 + 11 + -4 + -1 + -5?
1
Evaluate -5 + (3 + 3 - 3).
-2
Calculate 2 + (-1 + (-6 - -3) - -4).
2
6 + -9 - (-2 + 0)
-1
-13 - -9 - (-2 + -5 + -3)
6
Evaluate -1 - (1 - 2 - -2).
-2
What is -15 + 12 + 0 + -2?
-5
What is the value of (1 - 1) + 3 + -4?
-1
What is the value of (3 - -7) + -5 + 1 + 2?
8
-1 + (4 + -1 - 4 - 1)
-3
What is 8 + -11 + (1 - 1) + 0?
-3
Evaluate (3 + -2 + 1 - 1) + 0.
1
Calculate 19 + -14 - (1 + 3 + 8).
-7
Evaluate 11 - (22 + -3) - (0 + 0).
-8
2 + (1 - (-6 - -10))
-1
Calculate 2 + -5 + 2 - (1 - 2).
0
Calculate -14 - (-2 - 2) - -5.
-5
8 + -6 + 2 - 6
-2
What is -4 + (4 - 0) + 4?
4
Evaluate 6 + -8 + 4 + -2.
0
(0 - 0) + 1 + (-2 - 0)
-1
Calculate (-5 - (-10 - -4)) + -4 + 9.
6
Calculate (-16 - -9 - 0) + 7.
0
0 + (-6 - (-7 - -3))
-2
3 - (9 - (-2 - (-2 - 1)))
-5
Evaluate -7 - (-6 + (-5 - (-1 - -5))).
8
What is 2 + (0 - -1) + 1 + -1?
3
Calculate (-3 - 1) + (-8 + 7 - -4).
-1
8 + 1 + -3 + -3
3
What is the value of -1 + -13 + 7 + 8?
1
-3 + -2 + 2 - -1
-2
Calculate -25 + 25 - (1 + -6 - 0).
5
Calculate -1 + (-6 - -3) - (5 + -2).
-7
Evaluate 2 + (5 - 6) + -9 + 6.
-2
What is (-9 - -2) + (3 - (-8 - 2))?
6
Calculate 7 - (3 + 0 + 3).
1
Evaluate -3 + (1 - 3 - -2) + 3.
0
2 - (9 - (3 - -2) - -5)
-7
Evaluate (-5 - -7) + (1 - -2 - 3).
2
Calculate (1 - 1) + 1 - -1.
2
Evaluate 5 - (4 + -5) - 1.
5
(1 - -9) + -11 + -1
-2
Calculate 1 + -2 - (21 - 18).
-4
-6 - (2 + -6 + 3)
-5
5 + (-3 + 4 - 11)
-5
What is the value of -1 - 14 - (-88 - -74)?
-1
What is the value of 3 + 4 + (12 - 23)?
-4
Evaluate -2 + 6 - 5 - -3.
2
What is the value of 5 - (-1 + 3 + 1)?
2
Calculate (8 - 4) + (-4 - -1).
1
Evaluate 3 + 1 + -1 + 4 + -7.
0
Evaluate -6 + 0 + (0 - -12).
6
What is 4 + (-1 - (0 - -2))?
1
What is the value of -18 - -9 - (-1 - -2) - -4?
-6
What is 6 - (-5 + (1 - -2) - -5)?
3
What is the value of 13 - 6 - 2 - 9?
-4
What is the value of 3 - (3 + (-3 - 1))?
4
(3 - (1 - -6)) + 2 + -1
-3
What is 6 + (7 - (-3 - -16))?
0
9 - 0 - (-1 - -6)
4
Calculate (0 - 1) + (3 - (4 + 3)).
-5
What is the value of 0 - 4 - (-3 + 0)?
-1
What is the value of 0 + (5 - (6 + -6))?
5
-7 + (-3 + 3 - (3 - 5))
-5
What is 4 + 2 + -10 + 7 + -3?
0
Calculate 1 - (3 - 4 - -1).
1
(1 - 0) + (26 - 24)
3
Calculate (3 - 0) + -5 - -2.
0
What is -2 + -1 + 6 + 0?
3
Evaluate 1 - (-3 - (14 - 12)).
6
What is -6 - (1 + -1 + 1)?
-7
Evaluate 1 - (5 - 0) - 1.
-5
What is the value of 31 + -28 - (0 - 2) - 0?
5
What is the value of (1 - -3) + 0 + (-9 - -4)?
-1
Calculate -8 + (5 - 3) + 2.
-4
Calculate (0 - -1) + -4 + -2.
-5
What is the value of 2 - (8 + -10 + (-1 - -5))?
0
Evaluate -97 - -85 - (-5 + 0).
-7
What is -4 - (-4 - (0 + 0))?
0
What is (3 - -3) + -5 + 2 - 4?
-1
Calculate -17 + 9 - (-3 + -1).
-4
What is the value of 2 + 2 + 0 + -3 - 6?
-5
What is the value of -1 + (-4 - (-14 - -4) - 3)?
2
Evaluate -7 - (3 + -6) - 0 - -11.
7
What is the value of 0 + 3 + 2 + -4 + -1?
0
Calculate -8 + 4 + 9 + -6 + -2.
-3
2 + 7 + -5 - 2
2
Evaluate 17 + -17 + -6 + -1 + -1.
-8
What is the value of (2 - 1) + (9 - 7) + 0?
3
What is (-1 - (7 - (8 - 5))) + 13?
8
Calculate 4 - 4 - ((2 - 2) + 4).
-4
Evaluate -17 + 21 + (0 - 9).
-5
Evaluate -2 + -2 - ((2 - 5) + 3).
-4
Calculate (-8 - -5) + (3 - 1).
-1
Evaluate 12 + -36 - -12 - -2.
-10
What is the value of -1 + (9 - 3) + -5?
0
(0 - -1) + 7 - (-172 - -171)
9
-29 - -18 - (-4 - (2 + -1))
-6
What is the value of (7 - (5 - (-1 - -2))) + -4?
-1
(31 - 27) + (-1 + -4 - 1)
-2
What is the value of -88 - -92 - (1 - -2)?
1
What is (10 - 14 - -14) + -3?
7
What is the value of 14 + -11 - (5 + 0)?
-2
What is the value of -6 + (-8 - (7 + -21))?
0
Evaluate 2 + 2 + -3 - (-1 - -6).
-4
-8 - (-1 + 6 - (-13 + 19))
-7
Calculate 3 + -2 + -6 + 2.
-3
What is -2 - -8 - (-11 + 19)?
-2
What is the value of 4 + -1 - 8 - -5?
0
Calculate (6 - -1 - -1) + -10 + 6.
4
Evaluate (6 - 10) + 4 + 6.
6
What is the value of 2 - (8 + 11 - 10)?
-7
4 + (3 - 1) + -6
0
(-1 - 1 - 3) + 3
-2
Calculate 11 - (12 + -1) - (3 - -1).
-4
What is the value of 4 + (6 - 6) - 5 - 7?
-8
What is (8 - 4) + 3 + (-4 - 0)?
3
Evaluate 2 - (9 + -4 + 0).
-3
Evaluate -1 - (1 + -1) - (-15 - -18).
-4
What is -7 - (-1 - (3 + -4 - -2))?
-5
What is (-15 + 8 - -3) + 7?
3
What is the value of -1 + -2 - (16 + -20)?
1
Evaluate 1 - (0 - 2) - 6.
-3
0 - (-5 + 5 - -5) - -1
-4
Calculate 4 - (6 + -1 + 16 + -18).
1
What is (1 - 2 - 0) + (-3 - -3)?
-1
4 - 5 - (3 - (-3 - -4))
-3
4 - (-3 - (-3 + 1 + -1))
4
What is -5 + (1 + -2 - -2) + 7?
3
What is 8 + 1 + -1 + -8?
0
-5 - 2 - (2 - 2 - 3)
-4
-37 - -24 - (-1 - 6)
-6
Evaluate 8 + 6 + -2 + -21.
-9
(8 - 5) + -3 - 1 - -2
1
Evaluate (-6 - (-6 + 0)) + (4 - 1).
3
Evaluate -15 + 0 + -16 + 26.
-5
Calculate 11 + -10 - (-2 - 4 - -5).
2
What is -1 + (-9 - -6) + -1 - -5?
0
Evaluate -4 - (1 - (-11 - -16)).
0
What is 5 + (2 - (-2 + 7 + -3))?
5
What is (-1 - 1) + (18 - 23) + 6?
-1
What is the value of 4 - (1 + (-3 + 2 - 0))?
4
-8 + 6 - (-1 + -5)
4
What is the value of -3 + (-2 - -1) - 1?
-5
What is (4 - 2 - 5) + 1?
-2
Calculate -13 + (-1 + 6 - -9).
1
Calculate (0 - (9 - 0)) + 3.
-6
What is -5 + 1 + (-5 + 11 - 3)?
-1
What is (0 - (-5 - -3)) + (-5 - -1)?
-2
-3 - (-3 + 5) - -3
-2
Evaluate (21 - 22) + (2 - 6).
-5
What is (9 + 5 - 6) + -17?
-9
What is (-4 - 0) + (12 - (-4 - -7))?
5
Evaluate 6 - (-7 - -9 - 0).
4
-2 + (2 - (-1 + 6 + 0))
-5
What is 8 + (-4 + 6 - 9)?
1
Calculate 0 + 1 + (-8 - -11).
4
Evaluate 1 - 2 - ((1 - -4) + -3).
-3
What is the value of (1 - (7 - 4)) + 5 + 2?
5
What is the value of (-4 - -7) + -15 + 7?
-5
Evaluate 9 + 4 + 21 + -30.
4
Calculate 15 - 12 - (8 - 0 - 5).
0
What is (-3 - 10 - -4) + 7?
-2
Calculate 9 - 13 - (-4 + 2).
-2
0 + (-11 - -3) + 14
6
-14 - -8 - (-6 + -1) - -9
10
Evaluate 3 - (4 - -5 - 5 - 3).
2
(-2 - (4 - 7 - 3)) + -7
-3
What is the value of 1 + (-6 - (-7 + 2 + 3))?
-3
What is the value of (-10 - -3) + 3 + 3 + -3?
-4
Evaluate -3 + 4 + (0 - 4).
-3
Calculate 1 + -8 - (-1 + -1).
-5
What is -2 - (5 + -10 + 1 - 3)?
5
Calculate 0 + 1 - ((9 - 3) + -1).
-4
Calculate (2 - 6 - -3) + 5.
4
What is -3 - (2 + -1 - (0 - 1))?
-5
Calculate (1 - 7) + 4 + (0 - 3).
-5
Calculate 18 + -13 - (-1 - -9) - -7.
4
0 - (6 + -3 - 0) - 0
-3
Calculate -7 + 3 + 1 + -1 - 1.
-5
What is 2 + (-24 + 24 - (-4 - -2))?
4
-3 + (3 - (1 + 3)) - -8
4
What is the value of -2 + -3 - -2 - -8?
5
Evaluate (-12 - (5 - 8)) + 8.
-1
2 + (-9 - -13) + (-1 - 1)
4
What is the value of 12 + -15 + 4 - (8 + -1)?
-6
Evaluate -5 - (-12 + (2 - -4) - 0).
1
13 + -13 - (-3 - 0)
3
Evaluate (-2 - -1) + (-11 - -7) + 11.
6
-6 - -7 - -2 - (9 + -2)
-4
-12 + 16 + (-3 - -3)
4
What is 7 + -6 - (-5 + 11)?
-5
What is (8 - 1) + 1 + (4 - 8)?
4
Evaluate -4 - ((5 - 6) + 0).
-3
What is the value of -6 + 2 - (1 - (2 - -5))?
2
-11 - ((-1 - (10 - 7)) + -3)
-4
Evaluate 4 + (1 - 11) + 1 + 1.
-4
Evaluate 0 + 10 - ((6 - 10) + 10).
4
Calculate -16 - -18 - (1 - -1).
0
What is 1 + (0 - (-6 - -8) - 4)?
-5
Calculate 44 + -34 + (-10 - -1).
1
Evaluate -3 - (-2 + (0 - -3 - -4)).
-8
Evaluate (5 - (3 + 3 + -5)) + -4.
0
Calculate -6 + 3 - -5 - (0 + 1).
1
What is the value of -6 - 0 - (-5 - -5)?
-6
Evaluate 0 + (4 - 1) - (-20 - -19).
4
Evaluate 4 - 13 - -7 - -4.
2
What is the value of -27 - -28 - (1 - (-1 + -1))?
-2
Calculate 8 + -7 + 2 + 2 + 0.
5
Calculate -7 + (0 - -3 - 1).
-5
What is the value of (3 - 14) + (-7 - -13)?
-5
Evaluate 0 + 2 - -6 - (-101 + 103).
6
0 - (2 + -4 + 2 + 3)
-3
What is (6 - (4 - -3)) + -7?
-8
What is -2 + 1 + (-2 - -3)?
0
Evaluate 2 - (10 + -10 + 6 + 1).
-5
What is the value of -4 - -8 - (15 - 13)?
2
What is the value of 1 + (-1 - -5) + -10?
-5
(-6 - (-6 - -6)) + 3
-3
What is 0 + 4 + (-3 - -4)?
5
Calculate (-1 - (3 - -2)) + 1.
-5
Calculate 6 - 6 - -5